 6*q + v = 44, 4*q - 32 = -w*v. What is the units digit of q?
2
Suppose h + 2 = o + o, h + 4*o - 22 = 0. Let s(c) = -1. Let z(m) = -2*m. Let w(r) = 4*s(r) - z(r). What is the units digit of w(h)?
8
Let h = 124 - -77. What is the units digit of h?
1
Suppose u + 0*s = s + 60, -2*u + 120 = 2*s. What is the tens digit of u?
6
Suppose 17*r = 18*r - 51. Suppose 5*d - r = 39. What is the units digit of d?
8
Suppose -p = 2*p - 6. Suppose 3*n + 4*v = 8 + 17, -v = -p*n + 13. What is the units digit of n?
7
What is the units digit of ((-38)/57)/((-4)/114)?
9
Let v(b) = -5*b + 9. What is the units digit of v(-8)?
9
Let a(n) = -2*n**3 - 2 - 2 + 3 - 2*n. Let c be a(-1). Suppose 0 = -t + 5*q - 17, -c*t + 34 + 10 = 4*q. What is the units digit of t?
8
Suppose -43 = -5*g + 32. Suppose -2*k - g + 79 = 0. What is the tens digit of k?
3
Suppose 0 = 3*p - 4*b - 74, -2*p + 3*b - 16 = -3*p. Let x be -1 + 6/4*p. Suppose 4*g - x = -2*a, -4*a = 3*g - 36 + 7. What is the units digit of g?
7
Let i = 21 - 17. Suppose i*q - 3*s = -2*s + 116, -4*q + 5*s = -100. What is the units digit of q?
0
Let a = 732 + -520. What is the units digit of a?
2
Let i = 19 - 5. Suppose -3*w - i = -2. Let j = -3 - w. What is the units digit of j?
1
Let q be 4/(-6) - 140/(-3). Let d = q + -23. What is the units digit of d?
3
Let i be 10 + -1 + (-3)/3. Suppose -3*u + i*u - 125 = 0. What is the units digit of u?
5
Suppose i + 4*p + 11 = 0, -2*i + 6*p - p = -17. What is the units digit of i?
1
What is the tens digit of ((-1)/(-6))/((-1)/(-4))*159?
0
Let v(u) = u**3 + 3*u**2 - u - 3. Let y be v(-3). Suppose y = -4*z - 1 + 5. Let l = z + 0. What is the units digit of l?
1
Let k(s) = 4*s + 6 + 0*s - 2*s. What is the units digit of k(9)?
4
Let l(c) = c**2 - c - 1. Let z be l(-1). Let h = z - 0. What is the units digit of 3*(10/6 - h)?
2
Let s(v) = -3*v**2 + 12*v + 5. Let f(h) = h**2 - 1. Let j(m) = 4*f(m) + s(m). What is the units digit of j(-13)?
4
Let h(y) = 2*y**3 + y. Let r be h(1). Suppose 0 = 2*i - 4*u + 10, -5 + 0 = 4*i - r*u. Suppose -i = c - 2. What is the units digit of c?
1
Let q be -10*(8/(-10))/2. Let x be (q - 1) + (0 - 0). Suppose 0*p - x*p = -21. What is the units digit of p?
7
Suppose 0 = -0*z + z - 64. Suppose w + z = 5*w. What is the units digit of w?
6
Suppose -c = -27 - 209. What is the tens digit of c?
3
Suppose 0 = -o + 4*x - 21, -5*x + 5 = 3*o - 0*x. Let a(b) = 6*b - 4. Let c be a(3). Let j = o + c. What is the units digit of j?
9
Suppose -25 = 6*w - w, 4*r + 4*w + 48 = 0. Suppose 2*q = 2*h - 26, -2*h + 3*q + 21 = 6*q. Let m = h + r. What is the units digit of m?
5
Suppose -2*l - 423 = -5*l. What is the hundreds digit of l?
1
Let t = -16 + 20. Suppose t*u = 2*r - 80, 0 = 5*u - 2*u + 15. What is the tens digit of r?
3
Let d = -1 - -10. Let q(g) = -g**3 + 10*g**2 - 6*g - 10. What is the tens digit of q(d)?
1
Let m = 0 + 0. Suppose 0 = 4*t + 4*u - 32, 2*u = -m*t - 4*t + 34. What is the units digit of t?
9
Let k = 7 - 14. Let o(w) = w**2 + 8*w + 8. Let m be o(k). Suppose -s - m = -3. What is the units digit of s?
2
Let x be 9/3 - 2 - 1. Suppose x = 3*c - 0*c. Suppose l - 8 = -4*p - c*l, 4*p - 8 = 3*l. What is the units digit of p?
2
Let t(u) = 6*u**2 + 4*u - 6. Let g be t(4). Suppose 9*d = 7*d + g. What is the units digit of d?
3
Let u(j) = -j + 2. Suppose q + 57 = -5*l, 104 = -2*q - 2*l - 3*l. Let w be 8/36 - q/(-9). What is the units digit of u(w)?
7
Suppose 2*j + 160 = 4*p, 5*p + 3*j = -0*p + 200. What is the tens digit of p?
4
Suppose n + 2*n = -3*m + 444, 0 = -n - 4*m + 139. What is the hundreds digit of n?
1
Let y = 4 + -6. Let r be (2 - 4)*(-3 - y). Suppose r*k - 25 = -3*k. What is the units digit of k?
5
Let z be (12/(-18))/(1/(-3)). Suppose -3*b - 195 = -5*v - 8*b, -z*b = -3*v + 117. What is the tens digit of v?
3
Suppose -196 = -3*b + u + 223, 4*b = 4*u + 556. What is the units digit of b?
0
Let i(v) = v**2. Let c be i(2). Suppose -4*z = c + 28. What is the units digit of 4/z + (-29)/(-2)?
4
Let n = 43 - 62. Let d = 39 + n. What is the tens digit of d?
2
Suppose -2*q = -0*u + 3*u - 283, 0 = -3*u + 2*q + 287. What is the units digit of u?
5
Let l = 0 - -9. What is the tens digit of (-2)/(-9) + 205/l?
2
Let n be -2 - -1 - (0 + 1). Let o(k) = 3*k**2 + 2*k + 3. Let t be o(n). Suppose 3*b - t = 4. What is the units digit of b?
5
Suppose d = -4*t + 8, -5*t - 5 + 15 = 5*d. Suppose -5*w + 10 = 0, -3*m + 4*w = t*m - 7. What is the units digit of m?
3
Let s(b) = -b**3 + 11*b**2 - 10*b + 1. Let z be s(10). Let m = z - 1. Suppose -1 = -o - m*o. What is the units digit of o?
1
Let y be (-1 + -1)*(-6)/(-3). Let m(i) = -i**2 - 5*i - 1. What is the units digit of m(y)?
3
Suppose 4 = 5*k - 21. Let i(u) be the first derivative of -u**3/3 + 7*u**2/2 - 7*u + 1. What is the units digit of i(k)?
3
Let i = 0 + 2. Suppose 196 = 4*f - c, c = -i*c. Let z = -34 + f. What is the units digit of z?
5
Let f(k) = k + 13. Let s be f(-10). Suppose s*g = -2*w - w + 66, 3*w - 64 = -g. What is the tens digit of w?
2
Let h = -10 + 0. Let f = h - -19. Suppose -g = 4*z - f, -z - 6 = 3*g - 0. What is the units digit of z?
3
Let c(y) = -y**2 - 6*y - 2. Suppose 0*x - 4*x = -8. Let o(z) = 2*z**2 + 13*z + 4. Let m(s) = x*o(s) + 5*c(s). What is the units digit of m(-3)?
1
Let t = 250 + -174. What is the tens digit of t?
7
Suppose 5*w - 125 = -0*w. What is the units digit of w?
5
Let x(o) = 3*o + 15. Let n be x(-5). Suppose 2*r = -r + 30. Suppose 3*z - 24 = 3*w, n = 4*z - 3*z + w - r. What is the units digit of z?
9
Let s(u) = u + 0*u + 5 + 0*u. What is the tens digit of s(11)?
1
Let d = 1 + -1. Suppose 0 = -2*q + q + 5*r + 28, d = -q + r + 12. What is the units digit of q?
8
Let w(t) = 6*t + 12. What is the units digit of w(6)?
8
Suppose -4*a + 2*a + 5 = s, -4 = 2*s - 3*a. What is the units digit of s?
1
Let t = -19 - -34. Let i be ((-54)/15)/((-6)/t). What is the tens digit of -1 - i/(-3) - -11?
1
Let g(q) = q + 6. Suppose -c - 3*c - 64 = 0. Let d = c - -11. What is the units digit of g(d)?
1
Let z be (5/2)/(1/2). Let u = 6 + 16. Suppose -z*n + u = -3. What is the units digit of n?
5
Let v = 2 - -1. Suppose -5*c + 6 = -v*c + 2*o, 0 = -4*c + 3*o + 26. Suppose 0 = -c*y + 2*y + 21. What is the units digit of y?
7
Suppose -5*o + 30 + 0 = 0. Suppose -4*h - o = -18. Suppose 4*n - 2 = -2*y, 2*y - h*n - 36 = -13. What is the units digit of y?
7
Suppose 0 = -3*y - 5*x + 1079, 4*y - 1206 - 250 = 2*x. What is the units digit of y?
3
Suppose -8*y + 2246 = 870. What is the hundreds digit of y?
1
Let w(a) = a**3 + 9*a**2 - a + 1. Let k(z) = -2*z + 1. Let j be k(5). What is the tens digit of w(j)?
1
Let u(p) = p**2 - 9*p - 16. What is the units digit of u(13)?
6
Let n = -30 + 54. Let r = 48 - n. What is the units digit of r?
4
Let v(r) = r**3 + 6*r**2 - 7*r - 7. Let x be v(-7). Let t = -5 + x. What is the units digit of 8/(-20) + t/(-5)?
2
Let t(u) = -8*u - 4. Let d be t(-5). Let r = d + -7. What is the tens digit of r?
2
Suppose -47 - 53 = -4*f. Suppose -g = -6*g + f. Suppose -k + 2*h + 12 = 0, g*k - 5*h + h - 42 = 0. What is the units digit of k?
6
What is the hundreds digit of 27/(-18)*312/(-9)*4?
2
Let a(g) = 2*g**3 - g - 2. What is the units digit of a(2)?
2
Let o(x) = -7*x - 1. Let f be o(2). Suppose 4*c + 25 = 125. Let h = c + f. What is the units digit of h?
0
Let c = -9 + 4. Let l(z) = z**2 - 2*z - 7. Let u be l(c). Let d = 39 - u. What is the tens digit of d?
1
Let g(m) = -3*m + 1. What is the tens digit of g(-3)?
1
Suppose 0 = 6*d + 3*d - 630. What is the units digit of d?
0
Let m(o) = -12*o + 1. Let t be m(3). Let h = t - -69. What is the units digit of h?
4
Let u(l) = 2*l - 4. Let g be u(7). Suppose -g = -a + 37. What is the tens digit of a?
4
Let b(u) be the third derivative of -u**4/24 + 11*u**3/3 + 4*u**2. Let k be b(10). Suppose 2*x - 4*x + k = 0. What is the units digit of x?
6
Suppose 5*n = -50 + 180. What is the tens digit of n?
2
Suppose -34 = -2*y - 3*m, 2*y + 4*m = 11 + 19. What is the tens digit of y?
2
Suppose 29 = 4*c - 7. What is the units digit of c - (2 - (1 - 1))?
7
Let n = 45 - -17. What is the units digit of n?
2
Let f(o) = -7*o + 12. Let m be f(8). Let t = 82 + m. What is the tens digit of t?
3
Suppose 7*l = 2*b + 3*l + 8, b + 8 = 3*l. Suppose 0 = f - 3*f + b*y - 36, f + 22 = y. What is the un